{"id":4427,"date":"2021-07-29T15:17:51","date_gmt":"2021-07-29T14:17:51","guid":{"rendered":"https:\/\/docteursett.com\/?page_id=4427"},"modified":"2021-08-02T12:27:29","modified_gmt":"2021-08-02T11:27:29","slug":"nos-clients","status":"publish","type":"page","link":"https:\/\/docteursett.com\/?page_id=4427","title":{"rendered":"Les Clients Dr Sett"},"content":{"rendered":"<p>[vc_row][vc_column width=&#8221;2\/3&#8243;][vc_column_text]La solution Dr SETT s\u2019adresse \u00e0 tout types de de centres de soins. Dr SETT vient en soutien des structures de soins en les assistants dans leur gestion des d\u00e9chets biom\u00e9dicaux tout en respectant le cadre r\u00e9glementaire.<\/p>\n<h3>LES CENTRES DE SOINS<\/h3>\n<p>Dr Sett assiste les centres de soins \u00e0 \u00eatre \u00e0 respecter la r\u00e9glementation sur la gestion des d\u00e9chets biom\u00e9dicaux en proposant des solutions adapt\u00e9es pour la prise en charge de leur d\u00e9chets<br \/>\nbiom\u00e9dicaux. Les solutions propos\u00e9es par Dr Sett sont adapt\u00e9es en fonction du centre de soins et permettent de prot\u00e9ger vos collaborateurs, votre institution tout en prot\u00e9geant l\u2019environnement.<\/p>\n<p>Nos solutions sont con\u00e7ues pour r\u00e9pondre \u00e0 vos besoins que vous soyez un h\u00f4pital, une clinique, un laboratoire d\u2019analyse, un cabinet, un v\u00e9t\u00e9rinaire ou tout d\u2019autres prestataire de soins de sant\u00e9.<\/p>\n<h3>Autres Industries et centre de soins<\/h3>\n<p>Dr Sett travaille \u00e9galement avec les autres industries notamment les industries agroalimentaires mais \u00e9galement tous les autres types d\u2019institutions en aidant leurs services m\u00e9dicaux \u00e0 \u00e9liminer leurs d\u00e9chets biom\u00e9dicaux.<\/p>\n<p>Dr sett offre une solution adapt\u00e9e \u00e0 votre entreprise permettant d\u2019\u00eatre en conformit\u00e9 avec la r\u00e9glementation tout en prot\u00e9geant vos employ\u00e9s et l\u2019environnement.<\/p>\n<h3>4 raisons de travailler avec Dr Sett<\/h3>\n<p><span style=\"color: #339966;\"><strong>La Garantie de travailler avec un professionnel<\/strong><\/span><br \/>\nDr Sett dispose d\u2019une \u00e9quipe de professionnel tous form\u00e9s \u00e0 \u00e0 la manipulation des d\u00e9chets de soins. De plus l\u2019\u00e9quipe de Dr Sett est disponible et \u00e0 votre \u00e9coute.<\/p>\n<p><strong><span style=\"color: #339966;\">Fiabilit\u00e9 et disponibilit\u00e9<\/span><\/strong><br \/>\nDr Sett garantie une disponibilit\u00e9 de tout temps pour la prise en charge et l\u2019\u00e9limination de vos d\u00e9chets biom\u00e9dicaux. En plus de son propre centre d\u2019\u00e9limination, Dr sett poss\u00e8de diff\u00e9rents partenariats avec d\u2019autres centres habilit\u00e9s \u00e0 Dakar mais \u00e9galement dans diff\u00e9rentes zones du pays.<\/p>\n<p><strong><span style=\"color: #339966;\">Flexibilit\u00e9 dans la collecte et tra\u00e7abilit\u00e9 des op\u00e9rations<\/span><\/strong><br \/>\nDr Sett s\u2019adapte \u00e0 votre activit\u00e9 en organisant les collectes celons vos disponibilit\u00e9. Toutes nos operations sont suivi manuellement avec des bordereaux d\u2019enl\u00e8vement et un tracking digital des operations.<\/p>\n<p><strong><span style=\"color: #339966;\">Gestion de vos collectes et commandes via notre portail<\/span><\/strong><br \/>\nNotre service de collecte de d\u00e9chets m\u00e9dicaux est accessible 24 heures sur 24, 7 jours sur 7 via notre portail client o\u00f9 vous pouvez facilement g\u00e9rer votre calendrier de collecte, effectuer vos commandes de conteneurs et acc\u00e9der aux bordeaux d\u2019enl\u00e8vement et aux factures.[\/vc_column_text][\/vc_column][vc_column width=&#8221;1\/3&#8243;][vc_raw_html]JTVCY2FsZGVyYV9mb3JtJTIwaWQlM0QlMjJDRjYxMDNmMDU4NjA4ZWMlMjIlNUQ=[\/vc_raw_html][\/vc_column][\/vc_row]<\/p>\n","protected":false},"excerpt":{"rendered":"<p>[vc_row][vc_column width=&#8221;2\/3&#8243;][vc_column_text]La solution Dr SETT s\u2019adresse \u00e0 tout types de de centres de soins. Dr SETT vient en soutien des structures de soins en les assistants dans leur gestion des d\u00e9chets biom\u00e9dicaux tout en respectant le cadre r\u00e9glementaire. LES CENTRES DE SOINS Dr Sett assiste les centres de soins \u00e0 \u00eatre \u00e0 respecter la r\u00e9glementation [&hellip;]<\/p>\n","protected":false},"author":1,"featured_media":0,"parent":0,"menu_order":0,"comment_status":"closed","ping_status":"closed","template":"","meta":[],"_links":{"self":[{"href":"https:\/\/docteursett.com\/index.php?rest_route=\/wp\/v2\/pages\/4427"}],"collection":[{"href":"https:\/\/docteursett.com\/index.php?rest_route=\/wp\/v2\/pages"}],"about":[{"href":"https:\/\/docteursett.com\/index.php?rest_route=\/wp\/v2\/types\/page"}],"author":[{"embeddable":true,"href":"https:\/\/docteursett.com\/index.php?rest_route=\/wp\/v2\/users\/1"}],"replies":[{"embeddable":true,"href":"https:\/\/docteursett.com\/index.php?rest_route=%2Fwp%2Fv2%2Fcomments&post=4427"}],"version-history":[{"count":5,"href":"https:\/\/docteursett.com\/index.php?rest_route=\/wp\/v2\/pages\/4427\/revisions"}],"predecessor-version":[{"id":4464,"href":"https:\/\/docteursett.com\/index.php?rest_route=\/wp\/v2\/pages\/4427\/revisions\/4464"}],"wp:attachment":[{"href":"https:\/\/docteursett.com\/index.php?rest_route=%2Fwp%2Fv2%2Fmedia&parent=4427"}],"curies":[{"name":"wp","href":"https:\/\/api.w.org\/{rel}","templated":true}]}}