{"id":4103,"date":"2020-02-25T17:19:16","date_gmt":"2020-02-25T16:19:16","guid":{"rendered":"https:\/\/docteursett.com\/?page_id=4103"},"modified":"2021-07-30T11:20:24","modified_gmt":"2021-07-30T10:20:24","slug":"mise-a-disposition-materiel-de-stockage","status":"publish","type":"page","link":"https:\/\/docteursett.com\/?page_id=4103","title":{"rendered":"Mise \u00e0 Disposition De Conteneur S\u00e9curis\u00e9"},"content":{"rendered":"<p>[vc_row][vc_column][vc_single_image image=&#8221;4406&#8243; img_size=&#8221;full&#8221; css_animation=&#8221;fadeInRight&#8221;][\/vc_column][\/vc_row]<\/p>\n","protected":false},"excerpt":{"rendered":"<p>[vc_row][vc_column][vc_single_image image=&#8221;4406&#8243; img_size=&#8221;full&#8221; css_animation=&#8221;fadeInRight&#8221;][\/vc_column][\/vc_row]<\/p>\n","protected":false},"author":2,"featured_media":0,"parent":0,"menu_order":0,"comment_status":"closed","ping_status":"closed","template":"","meta":[],"_links":{"self":[{"href":"https:\/\/docteursett.com\/index.php?rest_route=\/wp\/v2\/pages\/4103"}],"collection":[{"href":"https:\/\/docteursett.com\/index.php?rest_route=\/wp\/v2\/pages"}],"about":[{"href":"https:\/\/docteursett.com\/index.php?rest_route=\/wp\/v2\/types\/page"}],"author":[{"embeddable":true,"href":"https:\/\/docteursett.com\/index.php?rest_route=\/wp\/v2\/users\/2"}],"replies":[{"embeddable":true,"href":"https:\/\/docteursett.com\/index.php?rest_route=%2Fwp%2Fv2%2Fcomments&post=4103"}],"version-history":[{"count":10,"href":"https:\/\/docteursett.com\/index.php?rest_route=\/wp\/v2\/pages\/4103\/revisions"}],"predecessor-version":[{"id":4407,"href":"https:\/\/docteursett.com\/index.php?rest_route=\/wp\/v2\/pages\/4103\/revisions\/4407"}],"wp:attachment":[{"href":"https:\/\/docteursett.com\/index.php?rest_route=%2Fwp%2Fv2%2Fmedia&parent=4103"}],"curies":[{"name":"wp","href":"https:\/\/api.w.org\/{rel}","templated":true}]}}